{"id":84,"date":"2022-04-27T14:21:02","date_gmt":"2022-04-27T06:21:02","guid":{"rendered":"http:\/\/vneat.org\/?page_id=84"},"modified":"2022-04-28T19:24:25","modified_gmt":"2022-04-28T11:24:25","slug":"gioi-thieu","status":"publish","type":"page","link":"http:\/\/vneat.org\/?page_id=84","title":{"rendered":"Gi\u1edbi thi\u1ec7u"},"content":{"rendered":"\n<p>T\u00ean \u0111\u1ea7y \u0111\u1ee7 c\u1ee7a h\u1ed9i: <strong>H\u1ed9i Chuy\u00ean Gia Vi\u1ec7t Nam t\u1ea1i \u0110\u00e0i Loan<\/strong><\/p>\n\n\n\n<p>T\u00ean ti\u1ebfng Anh:<strong> Vietnamese Experts Association in Taiwan (VNEAT) <\/strong><\/p>\n\n\n\n<p>\u0110\u1ecba ch\u1ec9: <strong>\u53f0\u5317\u5e02\u4e2d\u5c71\u5340\u677e\u6c5f\u8def9\u865f\u4e09\u6a13\u4e4b5<\/strong> <\/p>\n\n\n\n<p>Ng\u01b0\u1eddi \u0111\u1ea1i di\u1ec7n: &nbsp; <strong>TS. Nguy\u1ec5n Kim Anh.<\/strong> <\/p>\n\n\n\n<p>Th\u00e0nh l\u1eadp ch\u00ednh th\u1ee9c: <strong>th\u00e1ng 8\/2021<\/strong><\/p>\n\n\n\n<p>\u00dd t\u01b0\u1edfng th\u00e0nh l\u1eadp H\u1ed9i chuy\u00ean gia Vi\u1ec7t Nam t\u1ea1i \u0110\u00e0i Loan (VNEAT) \u0111\u00e3 \u0111\u01b0\u1ee3c th\u1ea3o lu\u1eadn v\u00e0o th\u00e1ng 9\/2016. V\u00e0o th\u00e1ng 8\/2021, VNEAT \u0111\u00e3 ch\u00ednh th\u1ee9c \u0111\u01b0\u1ee3c th\u00e0nh l\u1eadp v\u1edbi s\u1ef1 \u0111\u1ed3ng \u00fd c\u1ee7a c\u01a1 quan ch\u00ednh ph\u1ee7 \u0110\u00e0i Loan. VNEAT l\u00e0 t\u1ed5 ch\u1ee9c ho\u1ea1t \u0111\u1ed9ng v\u00ec m\u1ee5c \u0111\u00edch phi l\u1ee3i nhu\u1eadn \u0111\u1ea7u ti\u00ean c\u1ee7a Vi\u1ec7t Nam t\u1ea1i \u0110\u00e0i Loan. <\/p>\n\n\n<div class=\"aligncenter is-style-default wp-block-site-logo\"><a href=\"http:\/\/vneat.org\/\" class=\"custom-logo-link\" rel=\"home\"><img loading=\"lazy\" decoding=\"async\" width=\"400\" height=\"159\" src=\"http:\/\/vneat.org\/wp-content\/uploads\/2022\/04\/VNEAT_small_logo.png\" class=\"custom-logo\" alt=\"H\u1ed9i Chuy\u00ean Gia Vi\u1ec7t Nam t\u1ea1i \u0110\u00e0i Loan\" srcset=\"http:\/\/vneat.org\/wp-content\/uploads\/2022\/04\/VNEAT_small_logo.png 512w, http:\/\/vneat.org\/wp-content\/uploads\/2022\/04\/VNEAT_small_logo-300x120.png 300w\" sizes=\"auto, (max-width: 400px) 100vw, 400px\" \/><\/a><\/div>\n\n\n<p>VNEAT ho\u1ea1t \u0111\u1ed9ng theo c\u00e1c \u0111i\u1ec1u lu\u1eadt quy \u0111\u1ecbnh, th\u1ef1c hi\u1ec7n k\u1ebft n\u1ed1i v\u00e0 th\u00fac \u0111\u1ea9y c\u00e1c \u1ee9ng d\u1ee5ng khoa h\u1ecdc c\u00f4ng ngh\u1ec7 gi\u1eefa Vi\u1ec7t Nam v\u00e0 \u0110\u00e0i Loan. VNEAT t\u1eadp trung v\u00e0o n\u00e2ng cao s\u1ef1 hi\u1ec3u bi\u1ebft, th\u00fac \u0111\u1ea9y giao th\u01b0\u01a1ng kinh t\u1ebf v\u00e0 \u0111\u1ea7u t\u01b0, chuy\u1ec3n giao khoa h\u1ecdc k\u1ef9 thu\u1eadt v\u00e0 gi\u00e1o d\u1ee5c, c\u0169ng nh\u01b0 th\u1ef1c hi\u1ec7n c\u00e1c nghi\u00ean c\u1ee9u v\u00e0 trao \u0111\u1ed5i h\u1ecdc thu\u1eadt tr\u00ean t\u1ea5t c\u1ea3 c\u00e1c l\u0129nh v\u1ef1c.<br>C\u00e1c th\u00e0nh vi\u00ean VNEAT c\u00f3 tr\u00ecnh \u0111\u1ed9 h\u1ecdc v\u1ea5n t\u1eeb Th\u1ea1c s\u0129 tr\u1edf l\u00ean, c\u00f3 chuy\u00ean m\u00f4n v\u1ec1 nhi\u1ec1u l\u0129nh v\u1ef1c kh\u00e1c nhau. VNEAT s\u1ebd l\u00e0 n\u01a1i t\u1ea1o ra s\u1ef1 k\u1ebft n\u1ed1i, h\u1ee3p t\u00e1c v\u00e0 ph\u00e1t tri\u1ec3n cho c\u00e1c th\u00e0nh vi\u00ean VNEAT.<\/p>\n\n\n\n<h2 class=\"wp-block-heading\">T\u1ea7m nh\u00ecn v\u00e0 s\u1ee9 m\u1ec7nh<\/h2>\n\n\n\n<div class=\"wp-block-getwid-section\"><div class=\"wp-block-getwid-section__wrapper\"><div class=\"wp-block-getwid-section__inner-wrapper\"><div class=\"wp-block-getwid-section__background-holder\"><div class=\"wp-block-getwid-section__background\"><\/div><div class=\"wp-block-getwid-section__foreground\"><\/div><\/div><div class=\"wp-block-getwid-section__content\"><div class=\"wp-block-getwid-section__inner-content\">\n<div class=\"wp-block-columns is-layout-flex wp-container-core-columns-is-layout-9d6595d7 wp-block-columns-is-layout-flex\">\n<div class=\"wp-block-column is-layout-flow wp-block-column-is-layout-flow\">\n<div class=\"wp-block-getwid-image-box has-text-center has-mobile-layout-default has-mobile-alignment-default\"><div class=\"wp-block-getwid-image-box__image-container is-position-top\"><div class=\"wp-block-getwid-image-box__image-wrapper\"><img loading=\"lazy\" decoding=\"async\" width=\"100\" height=\"100\" src=\"http:\/\/vneat.org\/wp-content\/uploads\/2022\/04\/vision_img0.jpg\" alt=\"\" class=\"wp-block-getwid-image-box__image wp-image-110\" srcset=\"http:\/\/vneat.org\/wp-content\/uploads\/2022\/04\/vision_img0.jpg 100w, http:\/\/vneat.org\/wp-content\/uploads\/2022\/04\/vision_img0-83x83.jpg 83w\" sizes=\"auto, (max-width: 100px) 100vw, 100px\" \/><\/div><\/div><div class=\"wp-block-getwid-image-box__content\">\n<h4 class=\"wp-block-heading\"><\/h4>\n\n\n\n<p class=\"has-text-align-left\"><strong>Ph\u00e1t tri\u1ec3n m\u1ea1ng l\u01b0\u1edbi<\/strong> c\u1ee7a c\u00e1c chuy\u00ean gia Vi\u1ec7t Nam \u0111ang l\u00e0m vi\u1ec7c h\u1ecdc t\u1eadp t\u1ea1i \u0110\u00e0i Loan.<\/p>\n<\/div><\/div>\n<\/div>\n\n\n\n<div class=\"wp-block-column is-layout-flow wp-block-column-is-layout-flow\">\n<div class=\"wp-block-getwid-image-box has-text-center has-mobile-layout-default has-mobile-alignment-default\"><div class=\"wp-block-getwid-image-box__image-container is-position-top\"><div class=\"wp-block-getwid-image-box__image-wrapper\"><img loading=\"lazy\" decoding=\"async\" width=\"100\" height=\"100\" src=\"http:\/\/vneat.org\/wp-content\/uploads\/2022\/04\/vision_img1.jpg\" alt=\"\" class=\"wp-block-getwid-image-box__image wp-image-111\" srcset=\"http:\/\/vneat.org\/wp-content\/uploads\/2022\/04\/vision_img1.jpg 100w, http:\/\/vneat.org\/wp-content\/uploads\/2022\/04\/vision_img1-83x83.jpg 83w\" sizes=\"auto, (max-width: 100px) 100vw, 100px\" \/><\/div><\/div><div class=\"wp-block-getwid-image-box__content\">\n<h4 class=\"wp-block-heading\"><\/h4>\n\n\n\n<p class=\"has-text-align-left\"><strong>H\u1ed7 tr\u1ee3 cho c\u00e1c t\u1ed5 ch\u1ee9c<\/strong> trong nghi\u00ean c\u1ee9u, chuy\u1ec3n giao c\u00f4ng ngh\u1ec7, trao \u0111\u1ed5i gi\u00e1o d\u1ee5c, d\u1ecbch v\u1ee5 gi\u1eefa Vi\u1ec7t Nam v\u00e0 \u0110\u00e0i Loan.<\/p>\n<\/div><\/div>\n<\/div>\n\n\n\n<div class=\"wp-block-column is-layout-flow wp-block-column-is-layout-flow\">\n<div class=\"wp-block-getwid-image-box has-text-center has-mobile-layout-default has-mobile-alignment-default\"><div class=\"wp-block-getwid-image-box__image-container is-position-top\"><div class=\"wp-block-getwid-image-box__image-wrapper\"><img loading=\"lazy\" decoding=\"async\" width=\"100\" height=\"100\" src=\"http:\/\/vneat.org\/wp-content\/uploads\/2022\/04\/vision_img2.jpg\" alt=\"\" class=\"wp-block-getwid-image-box__image wp-image-112\" srcset=\"http:\/\/vneat.org\/wp-content\/uploads\/2022\/04\/vision_img2.jpg 100w, http:\/\/vneat.org\/wp-content\/uploads\/2022\/04\/vision_img2-83x83.jpg 83w\" sizes=\"auto, (max-width: 100px) 100vw, 100px\" \/><\/div><\/div><div class=\"wp-block-getwid-image-box__content\">\n<h4 class=\"has-text-align-left wp-block-heading\"><\/h4>\n\n\n\n<p class=\"has-text-align-left\"><strong>Th\u00e0nh l\u1eadp h\u1ec7 sinh th\u00e1i kh\u1edfi nghi\u1ec7p v\u00e0 c\u00e1c c\u00e2u l\u1ea1c b\u1ed9 chuy\u00ean m\u00f4n<\/strong> c\u1ee7a ng\u01b0\u1eddi Vi\u1ec7t \u1edf \u0110\u00e0i Loan \u0111\u1ec3 k\u1ebft n\u1ed1i v\u1edbi to\u00e0n c\u1ea7u.<\/p>\n<\/div><\/div>\n<\/div>\n\n\n\n<div class=\"wp-block-column is-layout-flow wp-block-column-is-layout-flow\">\n<div class=\"wp-block-getwid-image-box has-text-center has-mobile-layout-default has-mobile-alignment-default\"><div class=\"wp-block-getwid-image-box__image-container is-position-top\"><div class=\"wp-block-getwid-image-box__image-wrapper\"><img decoding=\"async\" src=\"http:\/\/vneat.org\/wp-content\/uploads\/2022\/04\/vision_img3.jpg\" alt=\"\" class=\"wp-block-getwid-image-box__image wp-image-105\"\/><\/div><\/div><div class=\"wp-block-getwid-image-box__content\">\n<h4 class=\"alignwide has-text-align-left wp-block-heading\"><\/h4>\n\n\n\n<p class=\"has-text-align-left\"><strong>Th\u00fac \u0111\u1ea9y h\u1ee3p t\u00e1c song ph\u01b0\u01a1ng<\/strong> gi\u1eefa \u0110\u00e0i Loan v\u00e0 Vi\u1ec7t Nam tr\u00ean c\u00e1c kh\u00eda c\u1ea1nh kh\u00e1c nhau (khoa h\u1ecdc, c\u00f4ng ngh\u1ec7, gi\u00e1o d\u1ee5c, kinh t\u1ebf v\u00e0 d\u1ecbch v\u1ee5\u2026 vv.)<\/p>\n<\/div><\/div>\n<\/div>\n<\/div>\n<\/div><\/div><\/div><\/div><\/div>\n\n\n\n<div class=\"wp-block-getwid-image-box has-text-center has-mobile-layout-default has-mobile-alignment-default\"><div class=\"wp-block-getwid-image-box__image-container is-position-top\"><div class=\"wp-block-getwid-image-box__image-wrapper\"><img loading=\"lazy\" decoding=\"async\" width=\"1200\" height=\"1697\" src=\"http:\/\/vneat.org\/wp-content\/uploads\/2022\/04\/vneat_gioi_thieu.jpeg\" alt=\"\" class=\"wp-block-getwid-image-box__image wp-image-85\" srcset=\"http:\/\/vneat.org\/wp-content\/uploads\/2022\/04\/vneat_gioi_thieu.jpeg 1200w, http:\/\/vneat.org\/wp-content\/uploads\/2022\/04\/vneat_gioi_thieu-212x300.jpeg 212w, http:\/\/vneat.org\/wp-content\/uploads\/2022\/04\/vneat_gioi_thieu-724x1024.jpeg 724w, http:\/\/vneat.org\/wp-content\/uploads\/2022\/04\/vneat_gioi_thieu-768x1086.jpeg 768w, http:\/\/vneat.org\/wp-content\/uploads\/2022\/04\/vneat_gioi_thieu-1086x1536.jpeg 1086w\" sizes=\"auto, (max-width: 1200px) 100vw, 1200px\" \/><\/div><\/div><div class=\"wp-block-getwid-image-box__content\">\n<h3 class=\"wp-block-heading\"><\/h3>\n\n\n\n<p><\/p>\n<\/div><\/div>\n","protected":false},"excerpt":{"rendered":"<p>T\u00ean \u0111\u1ea7y \u0111\u1ee7 c\u1ee7a h\u1ed9i: H\u1ed9i Chuy\u00ean Gia Vi\u1ec7t Nam t\u1ea1i \u0110\u00e0i Loan T\u00ean ti\u1ebfng Anh: Vietnamese Experts Association in Taiwan (VNEAT) \u0110\u1ecba ch\u1ec9: \u53f0\u5317\u5e02\u4e2d\u5c71\u5340\u677e\u6c5f\u8def9\u865f\u4e09\u6a13\u4e4b5 Ng\u01b0\u1eddi \u0111\u1ea1i di\u1ec7n: &nbsp; TS. Nguy\u1ec5n Kim Anh. Th\u00e0nh l\u1eadp ch\u00ednh th\u1ee9c: th\u00e1ng 8\/2021 \u00dd t\u01b0\u1edfng th\u00e0nh l\u1eadp H\u1ed9i chuy\u00ean gia Vi\u1ec7t Nam t\u1ea1i \u0110\u00e0i Loan (VNEAT) \u0111\u00e3 \u0111\u01b0\u1ee3c th\u1ea3o [&hellip;]<\/p>\n","protected":false},"author":1,"featured_media":0,"parent":0,"menu_order":0,"comment_status":"closed","ping_status":"closed","template":"page-templates\/full-width.php","meta":{"_FSMCFIC_featured_image_caption":"","_FSMCFIC_featured_image_nocaption":"","_FSMCFIC_featured_image_hide":"","footnotes":"","_links_to":"","_links_to_target":""},"class_list":["post-84","page","type-page","status-publish","hentry","new-post"],"yoast_head":"<!-- This site is optimized with the Yoast SEO plugin v18.9 - https:\/\/yoast.com\/wordpress\/plugins\/seo\/ -->\n<title>Gi\u1edbi thi\u1ec7u - H\u1ed9i Chuy\u00ean Gia Vi\u1ec7t Nam t\u1ea1i \u0110\u00e0i Loan<\/title>\n<meta name=\"robots\" content=\"index, follow, max-snippet:-1, max-image-preview:large, max-video-preview:-1\" \/>\n<link rel=\"canonical\" href=\"http:\/\/vneat.org\/?page_id=84\" \/>\n<meta property=\"og:locale\" content=\"vi_VN\" \/>\n<meta property=\"og:type\" content=\"article\" \/>\n<meta property=\"og:title\" content=\"Gi\u1edbi thi\u1ec7u - H\u1ed9i Chuy\u00ean Gia Vi\u1ec7t Nam t\u1ea1i \u0110\u00e0i Loan\" \/>\n<meta property=\"og:description\" content=\"T\u00ean \u0111\u1ea7y \u0111\u1ee7 c\u1ee7a h\u1ed9i: H\u1ed9i Chuy\u00ean Gia Vi\u1ec7t Nam t\u1ea1i \u0110\u00e0i Loan T\u00ean ti\u1ebfng Anh: Vietnamese Experts Association in Taiwan (VNEAT) \u0110\u1ecba ch\u1ec9: \u53f0\u5317\u5e02\u4e2d\u5c71\u5340\u677e\u6c5f\u8def9\u865f\u4e09\u6a13\u4e4b5 Ng\u01b0\u1eddi \u0111\u1ea1i di\u1ec7n: &nbsp; TS. Nguy\u1ec5n Kim Anh. Th\u00e0nh l\u1eadp ch\u00ednh th\u1ee9c: th\u00e1ng 8\/2021 \u00dd t\u01b0\u1edfng th\u00e0nh l\u1eadp H\u1ed9i chuy\u00ean gia Vi\u1ec7t Nam t\u1ea1i \u0110\u00e0i Loan (VNEAT) \u0111\u00e3 \u0111\u01b0\u1ee3c th\u1ea3o [&hellip;]\" \/>\n<meta property=\"og:url\" content=\"http:\/\/vneat.org\/?page_id=84\" \/>\n<meta property=\"og:site_name\" content=\"H\u1ed9i Chuy\u00ean Gia Vi\u1ec7t Nam t\u1ea1i \u0110\u00e0i Loan\" \/>\n<meta property=\"article:modified_time\" content=\"2022-04-28T11:24:25+00:00\" \/>\n<meta property=\"og:image\" content=\"http:\/\/vneat.org\/wp-content\/uploads\/2022\/04\/vision_img0.jpg\" \/>\n<meta name=\"twitter:card\" content=\"summary_large_image\" \/>\n<meta name=\"twitter:label1\" content=\"\u01af\u1edbc t\u00ednh th\u1eddi gian \u0111\u1ecdc\" \/>\n\t<meta name=\"twitter:data1\" content=\"2 ph\u00fat\" \/>\n<script type=\"application\/ld+json\" class=\"yoast-schema-graph\">{\"@context\":\"https:\/\/schema.org\",\"@graph\":[{\"@type\":\"Organization\",\"@id\":\"http:\/\/vneat.org\/#organization\",\"name\":\"H\u1ed9i Chuy\u00ean Gia Vi\u1ec7t Nam t\u1ea1i \u0110\u00e0i Loan\",\"url\":\"http:\/\/vneat.org\/\",\"sameAs\":[],\"logo\":{\"@type\":\"ImageObject\",\"inLanguage\":\"vi\",\"@id\":\"http:\/\/vneat.org\/#\/schema\/logo\/image\/\",\"url\":\"https:\/\/vneat.org\/wp-content\/uploads\/2022\/04\/VNEAT_small_logo.png\",\"contentUrl\":\"https:\/\/vneat.org\/wp-content\/uploads\/2022\/04\/VNEAT_small_logo.png\",\"width\":512,\"height\":204,\"caption\":\"H\u1ed9i Chuy\u00ean Gia Vi\u1ec7t Nam t\u1ea1i \u0110\u00e0i Loan\"},\"image\":{\"@id\":\"http:\/\/vneat.org\/#\/schema\/logo\/image\/\"}},{\"@type\":\"WebSite\",\"@id\":\"http:\/\/vneat.org\/#website\",\"url\":\"http:\/\/vneat.org\/\",\"name\":\"H\u1ed9i Chuy\u00ean Gia Vi\u1ec7t Nam t\u1ea1i \u0110\u00e0i Loan\",\"description\":\"Connect and Cooperate to Develope\",\"publisher\":{\"@id\":\"http:\/\/vneat.org\/#organization\"},\"potentialAction\":[{\"@type\":\"SearchAction\",\"target\":{\"@type\":\"EntryPoint\",\"urlTemplate\":\"http:\/\/vneat.org\/?s={search_term_string}\"},\"query-input\":\"required name=search_term_string\"}],\"inLanguage\":\"vi\"},{\"@type\":\"ImageObject\",\"inLanguage\":\"vi\",\"@id\":\"http:\/\/vneat.org\/?page_id=84#primaryimage\",\"url\":\"http:\/\/vneat.org\/wp-content\/uploads\/2022\/04\/vision_img0.jpg\",\"contentUrl\":\"http:\/\/vneat.org\/wp-content\/uploads\/2022\/04\/vision_img0.jpg\",\"width\":100,\"height\":100},{\"@type\":\"WebPage\",\"@id\":\"http:\/\/vneat.org\/?page_id=84#webpage\",\"url\":\"http:\/\/vneat.org\/?page_id=84\",\"name\":\"Gi\u1edbi thi\u1ec7u - H\u1ed9i Chuy\u00ean Gia Vi\u1ec7t Nam t\u1ea1i \u0110\u00e0i Loan\",\"isPartOf\":{\"@id\":\"http:\/\/vneat.org\/#website\"},\"primaryImageOfPage\":{\"@id\":\"http:\/\/vneat.org\/?page_id=84#primaryimage\"},\"datePublished\":\"2022-04-27T06:21:02+00:00\",\"dateModified\":\"2022-04-28T11:24:25+00:00\",\"breadcrumb\":{\"@id\":\"http:\/\/vneat.org\/?page_id=84#breadcrumb\"},\"inLanguage\":\"vi\",\"potentialAction\":[{\"@type\":\"ReadAction\",\"target\":[\"http:\/\/vneat.org\/?page_id=84\"]}]},{\"@type\":\"BreadcrumbList\",\"@id\":\"http:\/\/vneat.org\/?page_id=84#breadcrumb\",\"itemListElement\":[{\"@type\":\"ListItem\",\"position\":1,\"name\":\"Trang ch\u1ee7\",\"item\":\"https:\/\/vneat.org\/\"},{\"@type\":\"ListItem\",\"position\":2,\"name\":\"Gi\u1edbi thi\u1ec7u\"}]}]}<\/script>\n<!-- \/ Yoast SEO plugin. -->","yoast_head_json":{"title":"Gi\u1edbi thi\u1ec7u - H\u1ed9i Chuy\u00ean Gia Vi\u1ec7t Nam t\u1ea1i \u0110\u00e0i Loan","robots":{"index":"index","follow":"follow","max-snippet":"max-snippet:-1","max-image-preview":"max-image-preview:large","max-video-preview":"max-video-preview:-1"},"canonical":"http:\/\/vneat.org\/?page_id=84","og_locale":"vi_VN","og_type":"article","og_title":"Gi\u1edbi thi\u1ec7u - H\u1ed9i Chuy\u00ean Gia Vi\u1ec7t Nam t\u1ea1i \u0110\u00e0i Loan","og_description":"T\u00ean \u0111\u1ea7y \u0111\u1ee7 c\u1ee7a h\u1ed9i: H\u1ed9i Chuy\u00ean Gia Vi\u1ec7t Nam t\u1ea1i \u0110\u00e0i Loan T\u00ean ti\u1ebfng Anh: Vietnamese Experts Association in Taiwan (VNEAT) \u0110\u1ecba ch\u1ec9: \u53f0\u5317\u5e02\u4e2d\u5c71\u5340\u677e\u6c5f\u8def9\u865f\u4e09\u6a13\u4e4b5 Ng\u01b0\u1eddi \u0111\u1ea1i di\u1ec7n: &nbsp; TS. Nguy\u1ec5n Kim Anh. Th\u00e0nh l\u1eadp ch\u00ednh th\u1ee9c: th\u00e1ng 8\/2021 \u00dd t\u01b0\u1edfng th\u00e0nh l\u1eadp H\u1ed9i chuy\u00ean gia Vi\u1ec7t Nam t\u1ea1i \u0110\u00e0i Loan (VNEAT) \u0111\u00e3 \u0111\u01b0\u1ee3c th\u1ea3o [&hellip;]","og_url":"http:\/\/vneat.org\/?page_id=84","og_site_name":"H\u1ed9i Chuy\u00ean Gia Vi\u1ec7t Nam t\u1ea1i \u0110\u00e0i Loan","article_modified_time":"2022-04-28T11:24:25+00:00","og_image":[{"url":"http:\/\/vneat.org\/wp-content\/uploads\/2022\/04\/vision_img0.jpg"}],"twitter_card":"summary_large_image","twitter_misc":{"\u01af\u1edbc t\u00ednh th\u1eddi gian \u0111\u1ecdc":"2 ph\u00fat"},"schema":{"@context":"https:\/\/schema.org","@graph":[{"@type":"Organization","@id":"http:\/\/vneat.org\/#organization","name":"H\u1ed9i Chuy\u00ean Gia Vi\u1ec7t Nam t\u1ea1i \u0110\u00e0i Loan","url":"http:\/\/vneat.org\/","sameAs":[],"logo":{"@type":"ImageObject","inLanguage":"vi","@id":"http:\/\/vneat.org\/#\/schema\/logo\/image\/","url":"https:\/\/vneat.org\/wp-content\/uploads\/2022\/04\/VNEAT_small_logo.png","contentUrl":"https:\/\/vneat.org\/wp-content\/uploads\/2022\/04\/VNEAT_small_logo.png","width":512,"height":204,"caption":"H\u1ed9i Chuy\u00ean Gia Vi\u1ec7t Nam t\u1ea1i \u0110\u00e0i Loan"},"image":{"@id":"http:\/\/vneat.org\/#\/schema\/logo\/image\/"}},{"@type":"WebSite","@id":"http:\/\/vneat.org\/#website","url":"http:\/\/vneat.org\/","name":"H\u1ed9i Chuy\u00ean Gia Vi\u1ec7t Nam t\u1ea1i \u0110\u00e0i Loan","description":"Connect and Cooperate to Develope","publisher":{"@id":"http:\/\/vneat.org\/#organization"},"potentialAction":[{"@type":"SearchAction","target":{"@type":"EntryPoint","urlTemplate":"http:\/\/vneat.org\/?s={search_term_string}"},"query-input":"required name=search_term_string"}],"inLanguage":"vi"},{"@type":"ImageObject","inLanguage":"vi","@id":"http:\/\/vneat.org\/?page_id=84#primaryimage","url":"http:\/\/vneat.org\/wp-content\/uploads\/2022\/04\/vision_img0.jpg","contentUrl":"http:\/\/vneat.org\/wp-content\/uploads\/2022\/04\/vision_img0.jpg","width":100,"height":100},{"@type":"WebPage","@id":"http:\/\/vneat.org\/?page_id=84#webpage","url":"http:\/\/vneat.org\/?page_id=84","name":"Gi\u1edbi thi\u1ec7u - H\u1ed9i Chuy\u00ean Gia Vi\u1ec7t Nam t\u1ea1i \u0110\u00e0i Loan","isPartOf":{"@id":"http:\/\/vneat.org\/#website"},"primaryImageOfPage":{"@id":"http:\/\/vneat.org\/?page_id=84#primaryimage"},"datePublished":"2022-04-27T06:21:02+00:00","dateModified":"2022-04-28T11:24:25+00:00","breadcrumb":{"@id":"http:\/\/vneat.org\/?page_id=84#breadcrumb"},"inLanguage":"vi","potentialAction":[{"@type":"ReadAction","target":["http:\/\/vneat.org\/?page_id=84"]}]},{"@type":"BreadcrumbList","@id":"http:\/\/vneat.org\/?page_id=84#breadcrumb","itemListElement":[{"@type":"ListItem","position":1,"name":"Trang ch\u1ee7","item":"https:\/\/vneat.org\/"},{"@type":"ListItem","position":2,"name":"Gi\u1edbi thi\u1ec7u"}]}]}},"_links":{"self":[{"href":"http:\/\/vneat.org\/index.php?rest_route=\/wp\/v2\/pages\/84","targetHints":{"allow":["GET"]}}],"collection":[{"href":"http:\/\/vneat.org\/index.php?rest_route=\/wp\/v2\/pages"}],"about":[{"href":"http:\/\/vneat.org\/index.php?rest_route=\/wp\/v2\/types\/page"}],"author":[{"embeddable":true,"href":"http:\/\/vneat.org\/index.php?rest_route=\/wp\/v2\/users\/1"}],"replies":[{"embeddable":true,"href":"http:\/\/vneat.org\/index.php?rest_route=%2Fwp%2Fv2%2Fcomments&post=84"}],"version-history":[{"count":8,"href":"http:\/\/vneat.org\/index.php?rest_route=\/wp\/v2\/pages\/84\/revisions"}],"predecessor-version":[{"id":123,"href":"http:\/\/vneat.org\/index.php?rest_route=\/wp\/v2\/pages\/84\/revisions\/123"}],"wp:attachment":[{"href":"http:\/\/vneat.org\/index.php?rest_route=%2Fwp%2Fv2%2Fmedia&parent=84"}],"curies":[{"name":"wp","href":"https:\/\/api.w.org\/{rel}","templated":true}]}}